{"version":"1.0","provider_name":"T\u00fcrk Kanada K\u00fclt\u00fcr Derne\u011fi","provider_url":"https:\/\/www.turk.ca\/tr","author_name":"Admin","author_url":"https:\/\/www.turk.ca\/tr\/author\/yourname\/","title":"Events - Turkish Canadian Cultural Association","type":"rich","width":600,"height":338,"html":"<blockquote class=\"wp-embedded-content\" data-secret=\"ESqI7idqPA\"><a href=\"https:\/\/www.turk.ca\/tr\/events\/\">Etkinlikler<\/a><\/blockquote><iframe sandbox=\"allow-scripts\" security=\"restricted\" src=\"https:\/\/www.turk.ca\/tr\/events\/embed\/#?secret=ESqI7idqPA\" width=\"600\" height=\"338\" title=\"&#8220;Events&#8221; &#8212; Turkish Canadian Cultural Association\" data-secret=\"ESqI7idqPA\" frameborder=\"0\" marginwidth=\"0\" marginheight=\"0\" scrolling=\"no\" class=\"wp-embedded-content\"><\/iframe><script>\n\/*! This file is auto-generated *\/\n!function(d,l){\"use strict\";l.querySelector&&d.addEventListener&&\"undefined\"!=typeof URL&&(d.wp=d.wp||{},d.wp.receiveEmbedMessage||(d.wp.receiveEmbedMessage=function(e){var t=e.data;if((t||t.secret||t.message||t.value)&&!\/[^a-zA-Z0-9]\/.test(t.secret)){for(var s,r,n,a=l.querySelectorAll('iframe[data-secret=\"'+t.secret+'\"]'),o=l.querySelectorAll('blockquote[data-secret=\"'+t.secret+'\"]'),c=new RegExp(\"^https?:$\",\"i\"),i=0;i<o.length;i++)o[i].style.display=\"none\";for(i=0;i<a.length;i++)s=a[i],e.source===s.contentWindow&&(s.removeAttribute(\"style\"),\"height\"===t.message?(1e3<(r=parseInt(t.value,10))?r=1e3:~~r<200&&(r=200),s.height=r):\"link\"===t.message&&(r=new URL(s.getAttribute(\"src\")),n=new URL(t.value),c.test(n.protocol))&&n.host===r.host&&l.activeElement===s&&(d.top.location.href=t.value))}},d.addEventListener(\"message\",d.wp.receiveEmbedMessage,!1),l.addEventListener(\"DOMContentLoaded\",function(){for(var e,t,s=l.querySelectorAll(\"iframe.wp-embedded-content\"),r=0;r<s.length;r++)(t=(e=s[r]).getAttribute(\"data-secret\"))||(t=Math.random().toString(36).substring(2,12),e.src+=\"#?secret=\"+t,e.setAttribute(\"data-secret\",t)),e.contentWindow.postMessage({message:\"ready\",secret:t},\"*\")},!1)))}(window,document);\n<\/script>","description":"Events 2026 Events &amp; Webinars https:\/\/www.turk.ca\/wp-content\/uploads\/2026\/03\/Final-Release-Alper-Kirtil-ile-Online-Gocmenlik-Semineri-24-Mart-2026-1.mp4 2025 Events &amp; Webinars Iftar Yemegi https:\/\/www.turk.ca\/wp-content\/uploads\/2025\/09\/WhatsApp-Video-2025-08-17-at-1.15.48-PM-2.mp4https:\/\/www.turk.ca\/wp-content\/uploads\/2025\/03\/Turk-Kanada-Kultur-Dernegi-Gocmenlik-Semineri-20250323_130509-Meeting-Recording.mp4https:\/\/www.turk.ca\/wp-content\/uploads\/2025\/02\/TKKD-Fatih-Aydin-Kanada-Vergi-Semineri-20250223_110350-Meeting-Recording.mp4https:\/\/www.turk.ca\/wp-content\/uploads\/2025\/02\/TKKD-Kanadada-Finansal-Planlama-20250209_110341-Meeting-Recording.mp4 2024 Events &amp; Webinars https:\/\/www.turk.ca\/wp-content\/uploads\/2024\/12\/Project-Management-101-Webinar.mp4https:\/\/www.turk.ca\/wp-content\/uploads\/2024\/12\/Kanadada-Vergi-Nasil-Verilir-Webinar-.mp4https:\/\/www.turk.ca\/wp-content\/uploads\/2024\/12\/Ataturk-ile-Yollari-Kesisen-Kadinlar-Online-Seminer-20240308_120353-Meeting-Recording.mp4https:\/\/www.turk.ca\/wp-content\/uploads\/2024\/12\/Ottavada-Nasil-Is-Bulurum-Webinar.mp4 2023 Previous Years","thumbnail_url":"https:\/\/www.turk.ca\/wp-content\/uploads\/2025\/12\/Genel-Kurul-Toplantisi-225x300.jpeg"}

Türk Kanada Kültür Derneği
